 and 6081836?
1822
What is the greatest common divisor of 1225 and 2836400?
175
Calculate the greatest common factor of 47 and 152270553.
47
What is the highest common divisor of 19314 and 11904210?
522
What is the highest common factor of 41872 and 2416?
16
What is the highest common divisor of 1282360 and 470?
10
Calculate the greatest common factor of 11 and 9528167.
11
What is the greatest common divisor of 1157 and 6910583?
89
What is the highest common divisor of 11578 and 7042?
14
What is the greatest common divisor of 107332067 and 47?
47
Calculate the greatest common factor of 1553154 and 3978.
102
What is the greatest common factor of 53928 and 127479800?
5992
What is the greatest common divisor of 1020552 and 8268?
156
What is the highest common divisor of 104 and 139204?
52
Calculate the greatest common divisor of 2091344 and 80.
16
What is the greatest common divisor of 34869826 and 35226?
3914
What is the highest common divisor of 8976 and 9498192?
528
Calculate the greatest common divisor of 1205 and 24375463.
241
Calculate the highest common factor of 8229 and 51143657.
211
Calculate the greatest common divisor of 8122 and 106069259.
4061
What is the highest common factor of 9608 and 417297058?
2402
What is the highest common factor of 18045 and 89865?
45
Calculate the greatest common factor of 12340281 and 4848.
303
Calculate the highest common divisor of 42856 and 1867976.
88
Calculate the highest common factor of 88 and 4561348.
44
Calculate the greatest common divisor of 2386783 and 114359.
3689
What is the greatest common divisor of 1498942 and 720?
2
What is the highest common divisor of 684939 and 349947?
2991
What is the greatest common factor of 120510 and 58195?
515
What is the highest common factor of 16000368 and 496?
16
What is the highest common factor of 316118 and 198?
22
Calculate the highest common factor of 2374290 and 2237580.
2790
Calculate the greatest common divisor of 8208 and 553014.
1026
Calculate the greatest common factor of 94068 and 714987.
351
Calculate the greatest common factor of 208715 and 665.
95
What is the highest common divisor of 1692 and 73971?
9
What is the highest common factor of 58696 and 388194?
1334
Calculate the highest common divisor of 3025 and 3108050.
275
What is the greatest common factor of 24 and 5140413048?
24
What is the highest common factor of 48385401 and 2643?
2643
What is the greatest common factor of 324 and 37140228?
108
What is the highest common factor of 1088 and 100960?
32
Calculate the highest common divisor of 10695033 and 7785.
1557
What is the greatest common factor of 72576229 and 44?
11
Calculate the highest common divisor of 65170 and 34970.
10
Calculate the greatest common factor of 5672624 and 176.
16
What is the highest common divisor of 810 and 343691100?
810
What is the highest common factor of 36 and 13251078?
18
What is the greatest common factor of 6461 and 132983?
71
Calculate the highest common factor of 2828317 and 703.
37
What is the greatest common factor of 14544 and 11226096?
144
Calculate the greatest common divisor of 92772 and 245402556.
10308
What is the highest common divisor of 28 and 372514772?
28
Calculate the greatest common divisor of 682880 and 13960.
40
What is the highest common divisor of 1291 and 22518913?
1291
What is the greatest common divisor of 686064704 and 26?
26
What is the greatest common divisor of 5342 and 1033105406?
5342
What is the highest common factor of 3138 and 928880949?
1569
What is the highest common divisor of 5847800 and 14?
14
What is the greatest common factor of 162240 and 10416822?
1014
Calculate the highest common factor of 1230 and 17542670.
410
Calculate the highest common factor of 29811 and 172067.
523
What is the greatest common divisor of 174288 and 192?
48
Calculate the greatest common factor of 230 and 5313070.
10
What is the highest common factor of 1017325 and 1975?
25
What is the highest common factor of 227427 and 15129?
123
What is the greatest common factor of 29181966 and 44?
22
Calculate the greatest common divisor of 17228 and 199892.
236
Calculate the greatest common divisor of 22 and 3144383.
11
What is the greatest common factor of 10148845 and 5?
5
Calculate the greatest common divisor of 329507 and 50903.
109
Calculate the highest common factor of 241071366 and 9231.
543
Calculate the highest common factor of 7338860 and 48555.
415
Calculate the highest common divisor of 691770 and 165630.
30
Calculate the greatest common divisor of 12246 and 3066367.
157
Calculate the greatest common divisor of 6250 and 44578750.
1250
What is the greatest common factor of 1327703 and 131651?
533
What is the greatest common factor of 2197494 and 2016?
18
What is the highest common factor of 674488 and 48586?
2858
Calculate the highest common factor of 89 and 66719117.
89
Calculate the greatest common divisor of 20867 and 42196.
77
What is the highest common divisor of 1137466812 and 652?
652
What is the greatest common divisor of 3867529 and 4309?
31
Calculate the greatest common factor of 6396657 and 21.
3
What is the greatest common factor of 1074 and 35766?
6
Calculate the highest common factor of 7999360 and 180.
20
Calculate the greatest common divisor of 54459429 and 66.
3
Calculate the highest common factor of 330 and 3491378.
22
Calculate the highest common factor of 408 and 13026264.
24
Calculate the highest common divisor of 49622 and 23177.
43
Calculate the greatest common divisor of 19 and 35295901.
19
What is the highest common divisor of 221112342 and 743?
743
Calculate the greatest common divisor of 8526 and 1167439602.
8526
Calculate the highest common divisor of 214 and 28295615.
107
What is the greatest common divisor of 2096 and 113264?
16
Calculate the highest common factor of 1077 and 7816507.
359
Calculate the highest common divisor of 12315 and 1368397645.
4105
Calculate the highest common factor of 60 and 1474407156.
12
What is the greatest common factor of 48663085 and 274?
137
Calculate the greatest common factor of 8894532 and 18212.
116
What is the greatest common factor of 1190997 and 153?
9
What is the greatest common factor of 4512 and 287581344?
4512
Calculate the highest common factor of 5043794 and 238.
14
What is the highest common divisor of 692126 and 31278?
802
Calculate the greatest common divisor of 426 and 399606.
6
What is the greatest common divisor of 675 and 40119375?
75
Calculate the highest common factor of 1600 and 5720320.
320
What is the highest common divisor of 6424718 and 15602?
58
What is the highest common divisor of 4736 and 4344466?
74
What is the highest common divisor of 36619466 and 13910?
2782
What is the greatest common factor of 2068566 and 1002048?
1842
Calculate the greatest common factor of 26719078 and 6008.
1502
Calculate the greatest common factor of 7806073 and 2299.
121
Calculate the highest common divisor of 433888 and 3763760.
1456
What is the highest common divisor of 4784480 and 11764?
68
What is the highest common factor of 341341 and 189007?
2821
What is the highest common divisor of 4548 and 103405602?
2274
Calculate the greatest common divisor of 60 and 6961365.
15
What is the highest common divisor of 3687030 and 1917?
639
What is the greatest common divisor of 514300253 and 43?
43
Calculate the greatest common factor of 578 and 604353621.
289
What is the highest common factor of 73 and 97950451?
73
Calculate the highest common divisor of 25896065 and 6890.
3445
Calculate the highest common factor of 95836 and 52806.
26
What is the greatest common divisor of 447616 and 14272128?
1664
Calculate the greatest common divisor of 1876 and 6192858.
14
What is the greatest common divisor of 9942484 and 102?
34
Calculate the greatest common factor of 396339563 and 342.
19
What is the greatest common factor of 28428 and 345668?
412
What is the greatest common factor of 2742355 and 680?
85
Calculate the highest common factor of 286935366 and 30.
6
Calculate the greatest common factor of 8 and 90804852.
4
What is the greatest common factor of 519902 and 76216?
2722
Calculate the greatest common divisor of 654416 and 448.
112
Calculate the greatest common factor of 51247500 and 101250.
3750
What is the greatest common fac